 7
Let u(c) = 29*c + 46. Let j(v) = -v**3 + 2*v**2 + 10*v - 2. Let s be j(4). What are the prime factors of u(s)?
2, 5, 11
Suppose 25 - 28 = -3*b. Let v be (36/(-14))/(15/(-140)). What are the prime factors of -2 + b*v + -2?
2, 5
Let m be (-2)/(40/(-1276)) - (-1)/5. Let o(u) = 21*u**2 - 2*u + 3. Let i be o(-3). Let f = i - m. What are the prime factors of f?
2, 67
Suppose 4*f + k = 2288, 11*f - 7*f + 5*k = 2288. Suppose 15 = z - 2*h - f, -2*z + 1167 = 3*h. List the prime factors of z.
3, 5, 13
Let r be (-22)/(-143) + (-204)/(-26). Suppose 0 = -r*a - 0*a + 2768. What are the prime factors of a?
2, 173
Let z(m) = 66*m**3 - 5*m**2 - 143*m + 959. What are the prime factors of z(7)?
7, 31, 103
Let b = -17841 + 35996. List the prime factors of b.
5, 3631
Suppose x = 5*x + 16. Let v = 10 + x. Suppose -v*j + 148 = -2*j. List the prime factors of j.
37
Suppose -13 = -l + 35. Let m = l + 374. List the prime factors of m.
2, 211
Suppose -70*i + 14 = -63*i. Suppose 4*o - 156 + 56 = -5*y, i*o = -3*y + 58. What are the prime factors of y?
2
Suppose 0 = -3*g - 6571 + 20995. Suppose -14*i = -g - 372. What are the prime factors of i?
2, 5, 37
Let h(q) = 3*q**2 + 73*q + 970. List the prime factors of h(50).
2, 3, 5, 101
Let p(j) = -124*j - 1421. What are the prime factors of p(-71)?
3, 23, 107
Let n be ((-1)/5*-2)/((-2)/20). What are the prime factors of n/14 - (-184)/(-112)*-422?
3, 7, 11
Let z(j) = 1104*j**2 - 182*j + 1384. What are the prime factors of z(7)?
2, 27103
Let g(q) = 38*q + 15. Let x be g(-13). Let z = x + 829. List the prime factors of z.
2, 5, 7
Suppose 3413*f - 3399*f = 104286. What are the prime factors of f?
3, 13, 191
Suppose -c = -17*c - 1728. List the prime factors of (-2 + 2/4)*21744/c.
2, 151
Let z(o) = 4*o**2 - 9 + 37 + 7*o**2 + o**3 - 10. What are the prime factors of z(-9)?
2, 3, 5
Let y = -8662 - -12524. What are the prime factors of y?
2, 1931
Let o(j) = j**3 - 10*j**2 - j + 34. Let r be o(4). What are the prime factors of 2472*(4 - r/(-18))?
2, 103
Let t = -82 + 86. What are the prime factors of 210/t*(141/9 - -1)?
5, 7
Suppose 7*x - 1 = 27. Let y(j) = -4*j + x*j**2 + j + 4*j. List the prime factors of y(2).
2, 3
Suppose 3*u = -13073 + 67928. List the prime factors of u.
3, 5, 23, 53
Let w(u) = -443*u - 5114. What are the prime factors of w(-27)?
41, 167
Let s(f) = 26*f**2 - 52*f - 173. List the prime factors of s(41).
19, 2179
Let u(x) = 601*x + 1236. What are the prime factors of u(29)?
5, 3733
Let a(c) = -c**3 - 2*c**2 - 8*c - 12. Let x be a(-3). Let i = 56 - x. Suppose 2*u - i - 353 = 0. List the prime factors of u.
2, 97
Suppose 24*v - 80*v + 915320 = 0. List the prime factors of v.
5, 7, 467
Let l be 4/18 + 8633/18*-2. Let a = l + 1425. List the prime factors of a.
2, 233
Let y be (-1 - (2 + 25)) + 0. What are the prime factors of y/140 + 2182/10?
2, 109
Suppose -7*n + 13651 - 8362 = -13156. List the prime factors of n.
5, 17, 31
Suppose -43 = -y + 3*x + 63, 108 = y - 5*x. Suppose -1169*g + 1170*g = y. List the prime factors of g.
103
Let g(r) = 644*r**3 + 3*r**2 + 4*r - 24. What are the prime factors of g(3)?
3, 5801
Let u = 27 + -30. Let n be (-2)/((-2)/((-3*58)/u)). Let d = 138 - n. What are the prime factors of d?
2, 5
Let m(s) = s**3 + 143*s**2 - 1505*s - 475. What are the prime factors of m(-151)?
2, 11093
Let o(k) be the first derivative of 21*k**2/2 - 315*k - 224. What are the prime factors of o(29)?
2, 3, 7
Let o(u) = -6*u + 2. Let c be o(-11). Suppose -c = -2*s + 6*s. Let g = 61 - s. List the prime factors of g.
2, 3, 13
Let j be (-1 - 2)/(8/(-264)). Let r = 355 - 355. Let y = j + r. List the prime factors of y.
3, 11
Let f be -2388 - (9 - 8) - -4. Let z = -1653 - f. What are the prime factors of z?
2, 3, 61
Let z(l) = -13*l + 12. Let b be z(-10). Let w be 430/(-30) - (-2 + 15/9). Let y = w + b. What are the prime factors of y?
2
Let t(a) = a**2 + 34*a + 122. Let u be t(-30). What are the prime factors of (-4)/22 - u/((-198)/47835)?
3, 7, 23
Suppose c + 2*c = 1257. Suppose -3*y - 3*n = -4*n + c, 670 = -5*y - 4*n. Let k = 247 + y. List the prime factors of k.
109
Let t be -4 - -7 - 2 - 165/(-1). Suppose 35 - t = w - 2*r, 4*w = -r - 524. Let l = w - -143. List the prime factors of l.
2, 3
Let t be (6*(-6)/27)/(1/(-6)). Let b(a) = 57*a - 31. What are the prime factors of b(t)?
5, 17
List the prime factors of ((-18)/78 - (-1377)/221) + 2469*2.
2, 3, 103
Let w(x) = 6*x**3 - 34*x**2 + 5*x + 27. List the prime factors of w(11).
2, 3, 659
Let w = -278 + 298. Suppose -r + 5*r + w = 0, -3980 = -5*t + 5*r. List the prime factors of t.
7, 113
Let s(i) = -i**3 + 4*i**2 + i - 26. Let m be s(-8). Let q = 404 + m. What are the prime factors of q?
2, 569
Let q(y) = -11*y**2 - 803*y + 94. What are the prime factors of q(-73)?
2, 47
Suppose -48*o - 46800 = -570000. What are the prime factors of o?
2, 5, 109
Let c = -66250 - -110672. List the prime factors of c.
2, 7, 19, 167
Let q(h) = -75*h**3 + h**2 - 4*h - 8. Let z be q(-3). Let l = z + -1061. List the prime factors of l.
977
Let y = -5596 + 8748. What are the prime factors of y?
2, 197
List the prime factors of ((-1572)/18)/(-2*(2 - (-742)/(-372))).
2, 31, 131
Let g(y) = 93*y**2 + 9*y + 12. Suppose -5*d - 4*h - 2 = 0, 4*h = d + h + 8. What are the prime factors of g(d)?
2, 3, 61
Let u(z) = -z**3 - 31*z**2 + 41*z + 28. Let r be u(-32). Let s = 461 + r. List the prime factors of s.
3, 67
Suppose 19 = 10*l - 31. Suppose 4*y = l*d - 5091, 3*d - d + 2*y = 2040. List the prime factors of d.
1019
What are the prime factors of ((-14648)/(-6))/(90/405)?
2, 3, 1831
Let m be 3/4 - 7935/(-60). Suppose m = 4*d - 247. List the prime factors of d.
5, 19
Suppose 3*i + 9596 = 2*u - 15346, 0 = -4*u + 3*i + 49872. List the prime factors of u.
3, 5, 277
Suppose -5*x + 3*x - 5276 = 2*o, -5*x = 2*o + 13202. Let k = x - -4060. What are the prime factors of k?
2, 709
Suppose 0*k + 2*w = -5*k + 6878, 6882 = 5*k - 2*w. What are the prime factors of k + 7 + -3 - 6?
2, 3, 229
What are the prime factors of -18 + 34114 + -24 + 22?
2, 17047
Let f(t) = -107*t + 112. Let s be f(-4). Let u = s + -157. What are the prime factors of u?
383
Suppose -5*t - 2*x = -165780, 207*x + 66288 = 2*t + 203*x. List the prime factors of t.
2, 11, 137
Let x = -164 - -167. Suppose -x*m + 244 = -1103. List the prime factors of m.
449
Let l = -11 - -108. Suppose -3*w = -2*a - 277, -26*w = -28*w - a + 187. Suppose -2*p + b = -w, 2*p - 5*b = -0*p + l. List the prime factors of p.
2, 23
Let k(j) be the second derivative of 41*j**3/6 - 231*j**2 + 42*j. What are the prime factors of k(12)?
2, 3, 5
Let z = 24874 + -5611. What are the prime factors of z?
3, 6421
Let l(d) = d**3 + 3*d**2 - d + 1. Let x(u) = -u**2 + 4. Let i be x(-2). Let t be l(i). Let w = t + 80. List the prime factors of w.
3
What are the prime factors of 16862 - (-9 + 0)*-1?
19, 887
Suppose -36348 = 27*r - 169107. List the prime factors of r.
3, 11, 149
Let z(u) = -u - 5. Let j be z(-5). Suppose j = -6*g + 26 - 134. What are the prime factors of 42 - (g/3 - -2)?
2, 23
Suppose 124*a - 313942 = 337926. What are the prime factors of a?
7, 751
Let t be (16/(-10))/((-14)/3290). Suppose 47*f - t = 43*f. Let w = -6 + f. List the prime factors of w.
2, 11
Let o(c) = c. Let j be o(4). Let b(k) = 12*k**2 - 2*k - 4*k - 4 - 5*k - k + k. What are the prime factors of b(j)?
2, 3
Suppose 84*s - 87*s - 14181 = -2*h, 0 = 5*h - 5*s - 35465. Suppose h = 4*v + 3*d, -3*v + 5311 = -0*v - 4*d. What are the prime factors of v?
3, 197
Let u be 1/(-4) - (-135)/(-20). List the prime factors of (96/28)/(u/(-392)).
2, 3
Let d = 20 + -14. Let p(g) = 7*g**2 - 12*g - 15. Let l be p(7). What are the prime factors of l/(-6)*d/(-4)?
61
Let x = 6941 + -3628. Suppose x + 1575 = 8*z. What are the prime factors of z?
13, 47
Let x(g) = -g**3 - 2*g**2 + 3*g + 13. Let k be ((-25)/(-15) - 1)*(-18)/4. Let w be x(k). Let h(c) = c**2 + 5*c - 5. What are the prime factors of h(w)?
229
Let k = 12952 + 30374. What are the prime factors of k?
2, 3, 29, 83
Let d be (20/6)/((-5)/(300/5)). Let k be (-23)/5 + 16/d. Let v(n) = n**3 + 5*n**2 - n + 10. List the prime factors of v(k).
3, 5
Suppose -2*p = 7*p - 1332. What are the prime factors of -29*(6/(-14) - p/14)?
11, 29
Let i(q) = q**2 - 19*q + 16. Let b be ((-3)/((-36)